= p - 57. What are the prime factors of f?
7, 37
Let w(s) = -140*s**3 - 7*s**2 + 3*s + 6. List the prime factors of w(-3).
2, 3, 619
Let d = 1 + 1. Let b(m) = 4*m**2 - 116*m + 3. Let l be b(29). Suppose 1230 = l*i + d*i. What are the prime factors of i?
2, 3, 41
Suppose 6*v - 32 = 2*v. Suppose 2*r - v = -n, 3*r - 4*n - 3 = 31. Let g(h) = -h**3 + 6*h**2 + 9*h - 8. List the prime factors of g(r).
2, 23
Let y(j) = 36*j. Let b be y(10). Suppose b = 4*w - 2*w. Let r = w - 58. List the prime factors of r.
2, 61
Suppose -22*h - 3*h + 20275 = 0. Suppose 0 = -i + 5*n + 229, -h = -4*i - 4*n + 3*n. What are the prime factors of i?
2, 3, 17
Suppose 2*v = -0*v + 4*h + 30, -5*h - 27 = -v. Let p(g) = 14 - 4 - v*g + 15*g + 15. What are the prime factors of p(6)?
73
Let z be (-4)/(1 + (-14)/10). Suppose 36 = -c + 34. What are the prime factors of ((-399)/105)/(c/z)?
19
List the prime factors of (0 - -6) + (33871/2 - 8/16).
3, 5647
Suppose -82*n + 1512630 = -12*n. What are the prime factors of n?
3, 7
Let v(s) = 32*s**2 + 7*s - 13. Let z(g) = g**2 - 14*g + 3. Let q be z(14). What are the prime factors of v(q)?
2, 37
Let c(k) = 32*k**3 - 6*k**2 + 7*k - 5. What are the prime factors of c(3)?
2, 7, 59
Suppose -5*t + 4*u = -46, 3*t - 5*u - 2 = -9*u. Suppose t*x - 658 = 422. Suppose -108 = -3*n + 2*b, 0 = 5*n + 4*b - 6*b - x. List the prime factors of n.
2, 3
Let f = -4332 + 7019. List the prime factors of f.
2687
What are the prime factors of (-9)/(-24) - -10*(-32642)/(-32)?
101
Let b(a) = -a**3 - 30*a**2 + 102*a - 267. What are the prime factors of b(-35)?
2, 11, 13
Let k = -66 - -83. Let h(v) = 12*v - 45. Let w be h(k). Let x = -83 + w. What are the prime factors of x?
2, 19
Let g(l) = l**2 + 13*l - 44. Let a = 181 - 166. What are the prime factors of g(a)?
2, 47
Suppose m = 3 + 3, 4*i + 5*m = 5814. List the prime factors of i.
2, 3, 241
Let d(u) = 2*u**2 + 24*u - 33. Let y be d(-24). Let h = y - 8. What are the prime factors of h?
5, 107
Let d = 162 + 459. What are the prime factors of d?
3, 23
Let x be 6 + (2 + -3)*-1000. Let m = 1770 - x. List the prime factors of m.
2, 191
Let h be (14/7 + 8)*(-2)/(-4). Suppose -4*m - b = -456, -468 = -h*m + 5*b + 77. What are the prime factors of m + -2 - (-14 - -14)?
3, 37
Suppose -95*r + 98*r - 4*f - 1110 = 0, 3*r = -2*f + 1110. What are the prime factors of r?
2, 5, 37
List the prime factors of (51/6 + -8)*2764.
2, 691
List the prime factors of (19222/(-5) - (-22)/55)/(8/(-80)).
2, 5, 31
Let l = 275 + -271. Suppose 3*h + l*v = -0*v + 2362, 0 = h + 4*v - 798. What are the prime factors of h?
2, 17, 23
Let p = 3360 - 600. What are the prime factors of p?
2, 3, 5, 23
Let y(s) = 16*s**2 - 21*s - 88. Let f be y(-9). Let d = f + -730. List the prime factors of d.
23, 29
Let j(u) = 6*u**3 - 15*u**2 + 13*u - 41. Suppose 24*t - 216 = -12*t. List the prime factors of j(t).
13, 61
Suppose -g = 3 - 0, -4*r = g - 21. Suppose 27*n + r*n = 5973. List the prime factors of n.
181
Let j(l) = -l**3 + 5*l**2 + 12*l - 6. Suppose 12 = -4*n - 4*o + 5*o, 0 = -5*o. List the prime factors of j(n).
2, 3, 5
Suppose -18*s + 62013 - 320651 = -52*s. List the prime factors of s.
7607
Suppose 16*y - 15*y = -4*f + 57433, 5*f = 3*y - 172197. What are the prime factors of y?
11, 17, 307
Let z = 39903 - 22375. List the prime factors of z.
2, 7, 313
Let g(p) = 13*p**2 + 18*p. Let z be g(8). Suppose -f - z = -9*f. Suppose s - f = -0*s. List the prime factors of s.
2, 61
Suppose o - 16164 = 3*f, 29*o - 3*f = 27*o + 32319. What are the prime factors of o?
3, 5, 359
Suppose 59*o - 316773 = -3*o + o. What are the prime factors of o?
3, 577
Let k(h) = 2*h**3 - 46*h**2 + 3*h - 17. Suppose -107 = 5*y - 9*y - 3*n, -4*y = -n - 87. What are the prime factors of k(y)?
2, 13
Let x = -2 + 0. Let v be x + (-2935)/1 + -3. List the prime factors of v/(-44) - (-14)/77.
67
Suppose -j = -j - j. Suppose 6*d - 3*d + 261 = j. Let b = 130 + d. List the prime factors of b.
43
Let p be (4/5)/(12/30). Suppose p*y - 86 = -252. Let t = y - -104. What are the prime factors of t?
3, 7
Suppose 28*f - 488 = 24*f. Let q = f - -371. Suppose -5*m + q = -4*w, w - 23 = 3*m - 316. List the prime factors of m.
97
Let p be ((-32)/40 - -2)/(1/10). Let u(a) = -a**3 + 18*a**2 - 29*a + 28. What are the prime factors of u(p)?
2, 17
Suppose -4*d + 4 = y, -y - 3*y - 2*d = -16. Let f be 6/y + (-6)/(-4). Suppose -f*p + 372 = p. List the prime factors of p.
3, 31
Suppose -5*p + 40842 = 4*n, -46513 = -5*n - 3*p + 4546. What are the prime factors of n?
7, 1459
What are the prime factors of (11770/(-231) - (-8)/28)/(10/(-165))?
2, 11, 19
Let r = -1452 + 10955. What are the prime factors of r?
13, 17, 43
Let w(i) = 6*i**2 - 5*i - 7. Let c(y) = y**2 + 1. Let p be c(-2). Suppose -19 = -p*x + 1. List the prime factors of w(x).
3, 23
Suppose -47 = -13*p + 70. Let d = -9 - -14. Suppose -169 + p = -d*t. List the prime factors of t.
2
What are the prime factors of 18784 - (-184)/115*10?
2, 5, 47
Let n be (-1 + -5)/(-3) - 9. Suppose -3*i + 5*m + 177 - 36 = 0, -3*i + 153 = -m. Let k = i - n. What are the prime factors of k?
59
Let j be 70 + 1*(-3 + -1)/(-4). Suppose 2*u = -i + 816, -4*u + 1557 + j = 4*i. What are the prime factors of u?
409
Let j(z) = 235*z + 20. List the prime factors of j(47).
5, 2213
Let a be -2 + 891/15 + 15/25. Suppose 5*b = 5*t - a + 23, -31 = -4*t + 3*b. Let o(u) = 28*u + 19. List the prime factors of o(t).
13, 23
Suppose -5*s = 5*h - 215, -s = -4*h + 3*h + 53. Let a = 53 - h. Suppose 370 = -3*o + 6*o - 4*p, -a*o + 640 = -2*p. List the prime factors of o.
2, 5, 13
Let h(s) = -s**2 - 15*s + 7. Let b be h(-12). Let j = b - 36. Let d(g) = g**3 - 3*g**2 + g + 11. What are the prime factors of d(j)?
2, 107
Let b = 183 - 204. List the prime factors of (-5)/(70/b)*292.
2, 3, 73
Let o(q) = -26*q**3 + 3*q**2 - 1. Suppose 0 = 4*s - 8. Let b be o(s). Let g = 393 + b. What are the prime factors of g?
2, 7
Suppose 6*a + 24681 = 8*a - 5*i, -37004 = -3*a + 4*i. List the prime factors of a.
2, 23, 67
Let s be 238 + 1/((-3)/6). Let w = 140 + s. What are the prime factors of w?
2, 47
Let j = 1334 + -54. Let z = -786 + j. What are the prime factors of z?
2, 13, 19
Suppose -3*x + 3 = -2*x. Let y = 3 + x. List the prime factors of y/(3 + -2) + 2.
2
Suppose -v + 3606 = 2954 - 10087. List the prime factors of v.
10739
Suppose -6*w + i = -w - 44, -4*w + 38 = 2*i. Let m = w - 13. What are the prime factors of m*((-77)/2 - -2)?
2, 73
Suppose 46*r - 10 = 41*r. Let h(a) = 63*a**3 - 4*a**2 + 6. List the prime factors of h(r).
2, 13, 19
Let n(p) = p**3 + 12*p**2 + 26*p + 13. Let s = -126 - -119. List the prime factors of n(s).
2, 19
Suppose 5*p = 2*u + 7, -3*u + 22 = -2*p + p. Suppose u*d = 11510 + 9586. What are the prime factors of d/28 - 4/(-14)?
2, 3, 7
Let b be ((-26)/6 - -1)*6/(-10). Suppose 5*i + 965 - 3246 = -t, 1379 = 3*i - b*t. List the prime factors of i.
457
Let r(o) be the second derivative of o**3/2 - 2*o**2 + 9*o. Let b be r(2). Suppose 0 = -b*d + 118 + 62. What are the prime factors of d?
2, 3, 5
Let c(q) = 33*q**2 + 6*q - 11. Let t be c(3). Suppose 4*u + t = 3*k, -4*k - 4*u + 298 + 126 = 0. Let z = -51 + k. What are the prime factors of z?
53
Let l(t) = -5*t - 7 + 0 + 8*t**2 + 20 + 19 - 2*t. List the prime factors of l(-10).
2, 11, 41
Let g be (80/64)/((-2)/48). Let v = -32 - g. List the prime factors of v*(-3)/(-15) + (-1104)/(-10).
2, 5, 11
Let q be (-936)/(-195) + (-1)/(-5). Suppose 3*y - 2919 = q*f, f - 2686 = -5*y + 2179. What are the prime factors of y?
7, 139
Suppose -88 = s - 2*i + 30, -4*s - 2*i - 452 = 0. Let y = -61 - s. What are the prime factors of (-4 - -1) + 4 + y?
2, 3
Let y = 14 - 30. Let a = -14 - y. Suppose 91 = a*n - 101. What are the prime factors of n?
2, 3
Let s(z) = -z**3 - 9*z**2 + 20. Suppose 0 = -0*p + 4*p + 3*t + 78, -2*p = 3*t + 36. Let v be -1*(-6)/p + (-204)/21. List the prime factors of s(v).
2, 3, 5
Let x = 18749 - 10246. What are the prime factors of x?
11, 773
Let d be 16303/(-85) + 4/5. Let c(s) = 10*s**3 - 4*s**2 + 5*s + 3. Let q be c(-3). Let j = d - q. What are the prime factors of j?
127
Let y(j) = -j**3 + 4*j**2 + 31*j - 7. Let r be y(-7). Suppose r*m = 320*m - 4440. List the prime factors of m.
2, 3, 37
Let k(w) = 2*w**2 - 4*w + 502. Suppose -95*g = -92*g. What are